{"id":155,"date":"2022-05-20T15:31:05","date_gmt":"2022-05-20T18:31:05","guid":{"rendered":"https:\/\/portal.unit.br\/npj\/?page_id=155"},"modified":"2022-05-20T15:31:06","modified_gmt":"2022-05-20T18:31:06","slug":"direito-na-pratica","status":"publish","type":"page","link":"https:\/\/portal.unit.br\/npj\/direito-na-pratica\/","title":{"rendered":"Direito na pr\u00e1tica"},"content":{"rendered":"\n<p><strong>S\u00e9rie \u201cDireito na pr\u00e1tica\u201d<\/strong><\/p>\n\n\n\n<p>O Objetivo 16 para o Desenvolvimento Sustent\u00e1vel (ODS) da Organiza\u00e7\u00e3o das Na\u00e7\u00f5es Unidas tem como finalidade promover sociedades pac\u00edficas e inclusivas para o desenvolvimento sustent\u00e1vel, bem como, proporcionar o acesso \u00e0 justi\u00e7a para todos e construir institui\u00e7\u00f5es eficazes, respons\u00e1veis e inclusivas em todos os n\u00edveis. O ODS 16, entre suas metas, busca assegurar o acesso p\u00fablico \u00e0 informa\u00e7\u00e3o e proteger as liberdades fundamentais (meta 16.10).<\/p>\n\n\n\n<p>Nesse contexto, para contribuir com o ODS 16, o N\u00facleo de Pr\u00e1ticas Jur\u00eddicas da Unit idealizou a s\u00e9rie \u201c<em>Direito na pr\u00e1tica<\/em>\u201d, que consiste na publica\u00e7\u00e3o de cartilhas educativas sobre os direitos e liberdades fundamentais, a partir de uma abordagem clara e pr\u00e1tica do direito. Os conte\u00fados vinculados nas cartilhas refletem pesquisas realizadas pelos alunos, supervisionados pelos professores, do curso de Direito da Universidade Tiradentes.<\/p>\n\n\n\n<p><a href=\"https:\/\/portal.unit.br\/npj\/wp-content\/uploads\/sites\/58\/2022\/05\/cartilha-como-obter-acesso-ao-tratamento-com-farmacos-derivados-do-canabidiol-direito-a-saude.pdf\" target=\"_blank\" rel=\"noreferrer noopener\">Cartilha &#8211; Como obter acesso ao tratamento com f\u00e1rmacos derivados do Canabidiol (Direito \u00e0 Sa\u00fade)<\/a><\/p>\n","protected":false},"excerpt":{"rendered":"<p>S\u00e9rie \u201cDireito na pr\u00e1tica\u201d O Objetivo 16 para o Desenvolvimento Sustent\u00e1vel (ODS) da Organiza\u00e7\u00e3o das Na\u00e7\u00f5es Unidas tem como finalidade promover sociedades pac\u00edficas e inclusivas para o desenvolvimento sustent\u00e1vel, bem como, proporcionar o acesso \u00e0 justi\u00e7a para todos e construir institui\u00e7\u00f5es eficazes, respons\u00e1veis e inclusivas em todos os n\u00edveis. O ODS 16, entre suas metas, &#8230; <a title=\"Direito na pr\u00e1tica\" class=\"read-more\" href=\"https:\/\/portal.unit.br\/npj\/direito-na-pratica\/\" aria-label=\"Read more about Direito na pr\u00e1tica\">Ler mais<\/a><\/p>\n","protected":false},"author":1,"featured_media":0,"parent":0,"menu_order":0,"comment_status":"closed","ping_status":"closed","template":"","meta":{"footnotes":""},"class_list":["post-155","page","type-page","status-publish"],"_links":{"self":[{"href":"https:\/\/portal.unit.br\/npj\/wp-json\/wp\/v2\/pages\/155","targetHints":{"allow":["GET"]}}],"collection":[{"href":"https:\/\/portal.unit.br\/npj\/wp-json\/wp\/v2\/pages"}],"about":[{"href":"https:\/\/portal.unit.br\/npj\/wp-json\/wp\/v2\/types\/page"}],"author":[{"embeddable":true,"href":"https:\/\/portal.unit.br\/npj\/wp-json\/wp\/v2\/users\/1"}],"replies":[{"embeddable":true,"href":"https:\/\/portal.unit.br\/npj\/wp-json\/wp\/v2\/comments?post=155"}],"version-history":[{"count":1,"href":"https:\/\/portal.unit.br\/npj\/wp-json\/wp\/v2\/pages\/155\/revisions"}],"predecessor-version":[{"id":158,"href":"https:\/\/portal.unit.br\/npj\/wp-json\/wp\/v2\/pages\/155\/revisions\/158"}],"wp:attachment":[{"href":"https:\/\/portal.unit.br\/npj\/wp-json\/wp\/v2\/media?parent=155"}],"curies":[{"name":"wp","href":"https:\/\/api.w.org\/{rel}","templated":true}]}}